- 1339. What is g(-191)?
-2
Let g(j) = 1269*j + 87571. Determine g(-69).
10
Let w(u) = -u**2 + 12291*u - 4051732. Give w(339).
-4
Let k(a) = 338*a**2 + 8440*a - 294. Calculate k(-25).
-44
Let p(s) = -2*s**2 + 118548*s + 3439575. What is p(-29)?
1
Let n(f) = f**3 + 35*f**2 + 31*f - 160. What is n(-34)?
-58
Let s(w) = -27819*w + 10571214. What is s(380)?
-6
Let v(w) = -3*w**3 - 19*w**2 + 94*w + 108. Calculate v(-14).
3300
Let l(h) = -2*h**2 + 331*h + 1348. Calculate l(169).
165
Let d(l) = 1314*l + 6567. Determine d(-5).
-3
Let m(z) = 18184*z + 181850. Calculate m(-10).
10
Let x(d) = 16*d**2 + 1369*d + 12322. Calculate x(-9).
1297
Let j(d) = 443*d**2 - 5324*d + 102. What is j(12)?
6
Let g(t) = -238*t - 4200. Give g(-15).
-630
Let k(v) = v**2 - 289*v + 4538. Determine k(17).
-86
Let v(a) = -6521*a + 45399. What is v(7)?
-248
Let p(a) = -233*a**2 + 1273*a - 1271. What is p(1)?
-231
Let p(b) = -370*b + 7050. What is p(19)?
20
Let f(r) = -3*r**2 - 5331*r - 58285. Calculate f(-11).
-7
Let a(j) = -618*j - 2420. Calculate a(-6).
1288
Let i(d) = d**3 + 498*d**2 + 14043*d + 1106. Give i(-468).
-298
Let o(v) = -810*v**2 - 129612*v - 1918. Calculate o(-160).
2
Let z(l) = 10*l**2 + 45*l - 1402. What is z(-14)?
-72
Let p(m) = m**2 + 147*m - 11622. Calculate p(-204).
6
Let k(t) = t**3 - 43*t**2 + 88*t + 57. What is k(40)?
-1223
Let h(o) = 55969*o + 56051. Determine h(-1).
82
Let i(k) = 6064*k + 48976. Determine i(-8).
464
Let t(d) = 2*d**3 + 87*d**2 - 1364*d + 390. What is t(12)?
6
Let n(o) = o**2 - 4*o - 1189. Calculate n(51).
1208
Let s(v) = 6422*v + 218329. Give s(-34).
-19
Let g(k) = -k**2 + 16265*k - 1182039. Give g(73).
-23
Let w(p) = 6995*p - 1329030. Determine w(190).
20
Let l(m) = -m**2 + 5151*m - 30982. Determine l(6).
-112
Let w(j) = -j**3 - 109*j**2 - 23*j - 27216. What is w(-111)?
-21
Let q(u) = 5*u**2 - 20946*u + 62805. Give q(3).
12
Let v(c) = 10*c**2 - 189*c - 90. What is v(13)?
-857
Let h(u) = u**2 + 7223*u + 72258. Calculate h(-10).
128
Let n(u) = 23*u + 63. Determine n(14).
385
Let x(p) = -81*p**2 - 10778*p - 675. Give x(-133).
-10
Let w(m) = -m**3 + 52*m**2 - 329*m - 56. What is w(8)?
128
Let r(q) = -q**3 + 54*q**2 + 37*q + 312. Calculate r(55).
-678
Let o(j) = -1221*j + 573869. Give o(470).
-1
Let d(q) = -40*q**2 + 266*q + 851. Determine d(-3).
-307
Let m(g) = 12074*g + 205248. Calculate m(-17).
-10
Let n(a) = 78*a**3 + 751*a**2 - 298*a + 36. Give n(-10).
116
Let i(g) = -g**3 - 122*g**2 + 402*g + 3373. Determine i(-125).
-2
Let j(a) = -3*a**2 - 30039*a - 90096. Calculate j(-3).
-6
Let w(o) = -764*o - 268927. What is w(-352)?
1
Let v(s) = 79743*s - 1116409. Calculate v(14).
-7
Let l(j) = -22*j**2 + 192*j + 10591. What is l(-18)?
7
Let i(a) = -17944*a - 9115545. Give i(-508).
7
Let j(u) = -u**2 + 531*u + 291220. Give j(-336).
-92
Let s(g) = -1781*g + 40940. Give s(23).
-23
Let y(c) = c**2 - 146956*c - 1028681. What is y(-7)?
60
Let d(u) = 2435*u + 1921218. Give d(-789).
3
Let c(a) = a**3 + 69*a**2 + 326*a + 31. Determine c(-7).
787
Let m(l) = -17*l**3 + 3*l**2 - 10732*l - 10736. Give m(-1).
16
Let o(b) = 6*b**2 + 91*b + 118. What is o(-15)?
103
Let y(x) = -41*x + 4816. Determine y(68).
2028
Let m(o) = 247779*o + 2973355. Give m(-12).
7
Let a(s) = -111*s + 20437. What is a(174)?
1123
Let o(x) = -15*x**2 + 1898*x - 8292. What is o(122)?
4
Let m(r) = -15080*r**2 - 512722*r - 94. Determine m(-34).
-26
Let h(d) = 3797*d + 307679. Determine h(-81).
122
Let d(l) = 982*l**2 + 156189*l + 8108. Give d(-159).
-1
Let y(s) = -95*s**2 + 2576*s - 242. What is y(27)?
55
Let f(c) = c**3 - 120*c**2 + 49*c + 8329. Give f(119).
-1
Let l(h) = 43993*h + 835908. What is l(-19)?
41
Let k(l) = 3*l**3 - 8*l**2 - 246*l + 66. Determine k(-8).
-14
Let z(m) = -11*m**3 - 200*m**2 - 44*m - 159. What is z(-18)?
-15
Let c(b) = -2*b**3 + 456*b**2 + 111*b - 25303. What is c(228)?
5
Let l(u) = 3*u**3 - 9*u**2 - 601*u + 3618. Give l(6).
336
Let v(y) = 21*y**3 + 3*y**2 + 285*y + 1497. What is v(-6)?
-4641
Let g(v) = -76390*v + 76248. Determine g(1).
-142
Let t(s) = -4*s**3 - 1122*s**2 + 1691*s - 289. Calculate t(-282).
-7
Let l(i) = i**3 - 45*i**2 - 94*i + 2178. Give l(46).
-30
Let q(r) = -r**3 - 17*r**2 + 84*r + 2173. Determine q(-18).
985
Let b(o) = o**3 + 14*o**2 - 307*o - 3490. Give b(-10).
-20
Let s(m) = 739*m**2 - 11069*m - 183. What is s(15)?
57
Let y(z) = -z**3 + 265*z**2 - 800*z - 953. What is y(4)?
23
Let j(l) = -l**2 - 17231*l - 189416. Determine j(-11).
4
Let y(u) = -563610*u + 1127214. Calculate y(2).
-6
Let o(b) = 4397*b - 12291. Give o(3).
900
Let j(r) = -28894*r**2 - 375637*r - 192. Determine j(-13).
3
Let u(z) = z**3 + 92*z**2 + 2021*z + 915. What is u(-35)?
5
Let l(s) = 24146*s + 96583. Determine l(-4).
-1
Let z(i) = i**3 + 284*i**2 + 948*i + 29565. Calculate z(-281).
60
Let x(j) = 8693*j + 5789. What is x(-1)?
-2904
Let a(y) = -2*y**3 + 20*y**2 - 428*y - 931. Calculate a(-2).
21
Let y(u) = 6885*u + 103168. What is y(-15)?
-107
Let h(r) = -458*r**2 - 4583*r - 94. What is h(-10)?
-64
Let v(q) = 5625*q + 669368. Give v(-119).
-7
Let z(d) = -6*d**2 + 3354*d + 41108. Determine z(-12).
-4
Let s(m) = -m**2 + 25112*m + 1258114. Calculate s(-50).
14
Let h(l) = -l**3 - 823*l**2 + 867*l + 35422. Calculate h(-824).
-10
Let c(v) = -10*v**2 + 1007*v - 2782. Determine c(91).
6045
Let a(b) = 13810*b - 1173859. Calculate a(85).
-9
Let v(g) = -3415*g + 1266932. What is v(371)?
-33
Let h(f) = 13*f**3 - 1883*f**2 - 282*f - 1322. What is h(145)?
-162
Let v(y) = -y**2 + 196*y - 1175. Give v(6).
-35
Let a(h) = 676*h**3 - 3*h**2 - 8*h + 9. Give a(1).
674
Let b(v) = 1426*v - 6511. Determine b(8).
4897
Let b(j) = -3680*j - 471025. Calculate b(-128).
15
Let b(u) = 53*u**3 + 24221*u**2 + 2*u + 935. Calculate b(-457).
21
Let i(s) = -1757*s + 142289. Calculate i(81).
-28
Let g(i) = 2*i**3 - 3*i**2 - 213*i + 91. Determine g(14).
2009
Let o(g) = 142405*g - 427225. Determine o(3).
-10
Let w(i) = -169*i + 16596. Give w(85).
2231
Let d(g) = 131*g**2 + 51*g - 94. Calculate d(2).
532
Let c(f) = 2*f**2 - 235*f - 4531. Determine c(134).
-109
Let v(d) = -d**2 - 446*d + 40869. Give v(78).
-3
Let g(d) = -19346*d - 72039. Give g(-4).
5345
Let j(h) = 2*h**2 - 73*h + 206. Give j(13).
-405
Let h(m) = -2*m**3 - 289*m**2 + 2269*m - 1659. What is h(-152)?
13
Let c(w) = 105*w**2 - 11179*w + 22355. Determine c(2).
417
Let s(r) = 13*r**3 + 15*r**2 + 39*r + 54. Calculate s(-5).
-1391
Let x(h) = 31*h**2 - 111*h + 7. What is x(6)?
457
Let n(x) = 2190*x - 13061. What is n(6)?
79
Let z(m) = 136036*m + 2176573. Calculate z(-16).
-3
Let i(b) = -11*b**2 - 1985*b - 25386. Give i(-13).
-1440
Let w(d) = 3*d**3 - 52*d**2 + 119*d - 45. What is w(14)?
-339
Let i(v) = -8252*v + 346767. Calculate i(42).
183
Let x(g) = -15*g**2 + 52*g + 69. Give x(-3).
-222
Let q(x) = -8*x**2 - 6369*x + 97286. Give q(15).
-49
Let f(y) = 3*y**3 - 16*y**2 + 121*y - 364. Determine f(4).
56
Let j(w) = 28*w - 2515. Give j(84).
-163
Let n(h) = 36*h + 467. Determine n(27).
1439
Let q(h) = -2*h + 720. Determine q(-84).
888
Let j(v) = v**2 + 216*v + 5614. Calculate j(-193).
1175
Let a(j) = -3*j**2 + 303*j - 2484. What is a(9)?
0
Let a(t) = -3*t**2 + 65*t - 38. Give a(24).
-206
Let c(l) = -383*l + 19792. Give c(52).
-124
Let v(m) = -2308*m**2 + 20772*m. Determine v(9).
0
Let y(d) = -2*d**2 + 1525*d + 9146. Give y(-6).
-76
Let r(u) = u**2 + 56*u - 207. Calculate r(-67).
530
Let o(f) = f**3 + 40226*f**2 + 120681*f + 14. Determine o(-3).
-22
Let c(v) = v**2 - 200*v + 5013. Calculate c(29).
54
Let s(r) = r**3 - 5*r**2 - 21*r + 125. Give s(5).
20
Let v(j) = j**2 - 10114*j - 2315712. What is v(-224)?
0
Let q(o) = -o**3 + 52*o**2 - 71*o + 2032. What is q(51)?
1012
Let x(s) = -5*s**3 - 442*s**2 + 286*s + 1698. Give x(-89).
7
Let f(r) = -298*r**2 - 1203*r - 58. Calculate f(-4).
-14
Let n(j) = -246*j**2 + 3188*j + 134. Calculate n(13).
4
Let v(k) = -4*k**2 + 603*k - 6539. Determine v(12).
121
Let h(x) = -x**2 - 5274*x + 368659. What is h(69)?
-8
Let p(i) = -7820*i + 32711. Calculate p(4).
1431
Let i(x) = -8*x**3 + 737*x**2 - 5990*x + 14. What is i(9)?
-31
Let k(o) = -154*o**2 + 256*o + 21. Give k(2).
-83
Let t(r) = -r**2 - 15778*r - 31554. Give t(-2).
-2
Let s(g) = -5*g**3 - 77*g**2 - 186*g + 36. Give s(-12).
-180
Let x(l) = 189492*l - 3410840. Determine x(18)